 of k?
2, 11
Suppose 2*u = -2 + 14. Let x be 2/u + 58/6. Suppose -c - x = -6*c. List the prime factors of c.
2
Suppose -2*g = 2*g - 24. Let f = 43 - g. List the prime factors of f.
37
What are the prime factors of (-3)/((-3)/69*1)?
3, 23
Suppose -2*q - 3*l - 29 = 3*q, 5*l = 5*q + 5. Let f = 7 + q. Suppose 0 = j + f*d - 17, -2*j + 2*d - 7*d = -31. What are the prime factors of j?
2
Suppose 0 = 8*w - 6*w - 118. List the prime factors of w.
59
Let f(d) = -8*d - 7. List the prime factors of f(-5).
3, 11
Suppose 2*m - 5*x = 16, 3*m - 7*x - 19 = -2*x. Suppose 23 - 2 = m*r. Suppose -3*b = -r*b + 44. What are the prime factors of b?
11
Suppose d = -0*d - 7. Let j(v) = -v**2 - 8*v - 3. List the prime factors of j(d).
2
Let h be 10/5 - (0 + 0). Suppose 7*b - 65 = h*b. List the prime factors of b.
13
Suppose -4*i = v - 235, -i = 2*i - 6. What are the prime factors of v?
227
Suppose -5*k - 5*t + 5200 = 0, 4*k + 0*t + 3*t = 4160. What are the prime factors of 2/5 + k/25?
2, 3, 7
Let w = 92 + -101. Let y be (-1)/(-4) + (-309)/(-12). Let z = y + w. What are the prime factors of z?
17
Let a(m) = m**3 - 5*m**2 - 4*m - 4. Let q be a(6). Let n = 15 - q. What are the prime factors of n?
7
Suppose -2*d - 15 = -1. Let g(m) = -m + 3*m**3 - 7 - 4*m**3 - 8*m**2 - 8*m. What are the prime factors of g(d)?
7
What are the prime factors of (60/8)/(2/12)?
3, 5
Suppose -4*t + 12 = l, 5*t + 0 = -l + 11. Suppose 0 = -3*s + 2*y + l, -2*y + 31 - 11 = 3*s. What are the prime factors of s?
2, 3
Let d(j) = 2*j - 2*j + 2*j + 0*j. Let p be d(-3). List the prime factors of -3 + (-3)/p*30.
2, 3
Suppose 4*k - 6 = -2, 0 = 3*x - k - 269. What are the prime factors of x?
2, 3, 5
Suppose 6*a + 4*t = a + 197, 0 = 2*a + 3*t - 76. List the prime factors of a.
41
Let w(u) = -9*u + 1. Let x be w(-3). Suppose -y - 3*y + x = 0. List the prime factors of y.
7
Suppose 0 = 4*g - 21 - 19. Suppose j - 18 - g = 0. What are the prime factors of j?
2, 7
Suppose -2*m + 21 = 3. Suppose -m + 3 = 2*x. List the prime factors of (1 - 4) + 8 + x.
2
Suppose -4*r + 48 + 420 = -4*l, -357 = -3*r + l. Let j = r - 79. List the prime factors of j.
41
Suppose -5*y = 2*t + 2, -3*t = -5*t - 4*y. Suppose -7 - 1 = -t*h. List the prime factors of h.
2
Suppose -2*d + 255 = 3*d. Suppose 2*g = d - 19. What are the prime factors of g?
2
Let d = 77 - 33. Suppose j + j = d. List the prime factors of j.
2, 11
Suppose 5*h - 5*o = 35, 7*h - 5*o - 33 = 3*h. Let d be (12/9)/(h/6). Suppose 5*g + 3*l - 40 = 0, -3*l - 34 = -d*g - 5*l. What are the prime factors of g?
11
Suppose 5*j = 4*j + 6. Suppose 2*r - j = -f, -f = -5*r - 7 + 1. List the prime factors of f.
2, 3
Let u(a) = 10*a - 1. List the prime factors of u(1).
3
Suppose -8*v - 8 = -4*v. Let y(k) = 2*k**2 + 18*k + 8. Let u be y(-9). List the prime factors of u + (2 + v - 2).
2, 3
Suppose -w = -2*w. Suppose 5*a - 42 + 7 = w. What are the prime factors of a?
7
Suppose 0 = q + 5*r - 106, -4*q - 4*r + 424 = r. List the prime factors of q.
2, 53
Let y = 1 + 1. Let z(x) = -3*x - 11. Let i be z(-5). Suppose -n = 2*d - 3, 0 = 3*d + y*d + i*n. What are the prime factors of d?
2
Suppose -5*w + 10*w = 4*o + 35, -w = 4*o - 7. Let n(c) = -3*c**2 - w*c - c + 2*c**2 + 4. List the prime factors of n(-7).
11
Suppose 3*b - b - 181 = -3*z, z - 2*b = 71. List the prime factors of z.
3, 7
Suppose 69 + 43 = 2*d. What are the prime factors of d?
2, 7
Let d(m) = m + 45. Let l be (2/(-2))/(12/168). List the prime factors of d(l).
31
Suppose -207 = -3*f + 162. What are the prime factors of f?
3, 41
Suppose 5*i = 8*i - 12. What are the prime factors of (-3 + 8/i)*-6?
2, 3
Suppose 0 = 2*c + s + 17, 2*c + 16 = -s - s. Let m = -3 - c. What are the prime factors of m?
2, 3
Suppose 48 = -s - 3*s. Let p = -5 - s. What are the prime factors of p?
7
Let l = 3 - -1. Let i(r) = r**2 - 4*r + 2. What are the prime factors of i(l)?
2
Suppose -5*q - 24 + 74 = 0. Let m be (24/q)/(5/50). Suppose -5*z = -21 - m. What are the prime factors of z?
3
Let o be 5 + -6 + -3*4. Let v = o - -25. What are the prime factors of v?
2, 3
Suppose 4*b - 5*x = 54 + 123, 168 = 4*b + 4*x. Suppose 2*h - 82 = -3*y, 3*y = -h + y + b. List the prime factors of h.
5, 7
Suppose 0 = -4*v + 105 + 63. List the prime factors of v.
2, 3, 7
Let j be (-6 - 3)/(3/(-2)). Suppose -f + j*f = 20. What are the prime factors of 1/f + (-70)/(-8)?
3
Suppose 0 = -w - 0*w + 23. List the prime factors of w.
23
Let m = 3 + 135. List the prime factors of m.
2, 3, 23
Let q = 8 + 1. List the prime factors of q.
3
Let s = 4 - 2. Suppose 2*k = 15 + 1. Suppose 2*a - k = s*l, 6*l - 3*l = -a - 4. What are the prime factors of a?
2
Let w be 1*2 + 28/(-4). Let c = -3 - w. Suppose -g - c*g + 21 = 0. List the prime factors of g.
7
Let z = -17 - -22. Suppose -3*v + 8 = -z*y - 6, -y - 47 = -4*v. List the prime factors of v.
13
Suppose 4*d = 2*d + 14. What are the prime factors of d?
7
Let k(w) = -w - 5. Let i = -25 + 17. Let r be k(i). Suppose -5*s + r*s = -22. What are the prime factors of s?
11
Let c be (-4)/(-22) + 48/(-22). List the prime factors of (4 - 2) + c/(-2).
3
Let q(a) = -a**3 + a**2 + 2*a + 1. Let p be q(2). Suppose -3*v + 4 = p. List the prime factors of (2 + 6)*(1 + v).
2
Let x be 0 - (3/3 + -2). Suppose 0 = -k + x + 5. What are the prime factors of k?
2, 3
What are the prime factors of (11/((-55)/(-15)))/(3/58)?
2, 29
Let z be 2/4 + (-14)/(-4). Suppose 5*q = 212 - 32. Suppose -q = -z*i + i. What are the prime factors of i?
2, 3
Let p(m) = m**3 - 7. Let h be p(0). List the prime factors of ((-4)/(-2))/((-1)/h).
2, 7
Let d be 0 + 0 + -2 + 2. What are the prime factors of (0 - (d + -3)) + 25?
2, 7
Let d = 13 + -1. Suppose 2*g - 4*p - d = 0, -6 = p - 1. List the prime factors of 69/9 - g/(-6).
7
Let w = 5 - 3. Let n be 2 + 4 - (2 - w). Suppose 30 = 2*y + n. List the prime factors of y.
2, 3
Suppose 0 = 2*y - 3 - 1. Let d be (-2 - -2) + (-2 - -4). Suppose y*u + d = 3*u. What are the prime factors of u?
2
Suppose -z = -3*j - 0*z + 16, 2 = -2*z. What are the prime factors of (-4)/20 + 96/j?
19
Let m be ((-3)/((-12)/44))/1. Let h = m + -3. List the prime factors of h.
2
Let z be 11/2 + 2/4. Let p(n) = 2*n**2 - 2. Let m be p(-2). Suppose -z = 4*w - m*w. List the prime factors of w.
3
Let o be (3/2)/((-1)/(-2)). Suppose -o*p = -2*l - 94, -2*p + 5*p - 92 = 4*l. Let i = p - 21. List the prime factors of i.
11
Let l = -3 + 12. Let t = l + -5. Suppose -y + 2*f - 5*f = -6, -t*y + 9 = -3*f. What are the prime factors of y?
3
Suppose -3*f + 5 = g + 2, 2*f + g - 3 = 0. Suppose 2*v - 4 = f, -4*x - x + 5*v = -205. List the prime factors of x.
43
Suppose 41 = 5*f - 24. Let c = f - 3. Suppose 0 = -u + 4*w - c, -2*u - 4 = -2*w - 14. What are the prime factors of u?
2, 5
Suppose 2*y = -0*y, -5*f = 4*y + 15. Let x be 3/((f/(-4))/(-1)). Let h = x + 23. List the prime factors of h.
19
Let a(f) = 6*f + 3. Let m be a(-3). Let g be 10/m - (-20)/3. Suppose 5*o - g = 79. What are the prime factors of o?
17
Let w = 12 - 5. What are the prime factors of w?
7
Let i = 16 - 18. Let w(m) = -m**3 + 2*m**2 - 2*m - 3. List the prime factors of w(i).
17
Let l = 9 - 7. What are the prime factors of (-3)/(-2) - (-61)/l?
2
Let c(d) = -d**2 - 30*d + 29. What are the prime factors of c(-13)?
2, 5
Let g = 89 - 43. What are the prime factors of g?
2, 23
What are the prime factors of 62 + -4 + 7 + (-2)/2?
2
Suppose 3*m + 2 = 14. Suppose -m*o = o. Suppose o*f + 5 = f. List the prime factors of f.
5
Suppose -4*c = -7*c + 9. Suppose 5*h + 6 = -2*t + 3*h, c*h + 23 = 4*t. List the prime factors of t.
2
Suppose 0*a = -3*a - 54. Let j be 6/a + 10/3. Suppose 6*y - 3*o = 4*y + 18, j*y - 27 = -4*o. List the prime factors of y.
3
Suppose 24 = -5*b - 11. Let w = -5 - b. What are the prime factors of w?
2
Let q(i) = i**3 + 10*i**2 + 9*i + 13. Let o be q(-9). Let x = o - -27. Suppose -2*u + 7*u - 3*k - x = 0, 4*u - 59 = -3*k. List the prime factors of u.
11
Suppose 0 = -2*b + 5*b - 3*a - 327, 2*a - 222 = -2*b. List the prime factors of b.
2, 5, 11
Let l = -26 - -58. Suppose 0 = 5*j - j - l. What are the prime factors of j?
2
Suppose 0 = -2*o - b + 7, -5*o + 22 = -2*b - 0*b. Let j = -2 - -5. Suppose -h - o = 4*w + 7, -j*w = 2*h - 3. List the prime factors of h.
3
Let u(d) = d**3 + 4*d**2 - d + 1. Let q be u(-3). Suppose -4*z